3?
9
Let z = -2533 + 3021. What is the remainder when z is divided by 96?
8
Let w = -4364 - -4748. What is the remainder when w is divided by 80?
64
Let f = -10781 + 10922. Calculate the remainder when 842 is divided by f.
137
What is the remainder when ((-25)/(-50))/(2/332)*4 is divided by 123?
86
Suppose -7*r = -8*r + 31. Let u = r - 29. Suppose 4*l = -4*z + 552, 4*l + u*z - 122 = 438. Calculate the remainder when l is divided by 18.
16
Let r(x) = -17 + 7*x + 16*x**2 + 18*x**3 - 17*x**3 + x**3. What is the remainder when 107 is divided by r(-7)?
11
Suppose -131*w + 134*w = 258. Calculate the remainder when w is divided by 45.
41
Suppose 0 = 70*k + 606 - 2076. Calculate the remainder when 452 is divided by k.
11
Let r(f) = f**2 - 22. Let x be r(-5). Suppose t + x = 8, 5*t - 73 = -2*z. Let h = -116 - -208. What is the remainder when h is divided by z?
20
Let t(j) = 2*j**3 + 2*j**2 + 3*j + 339. Let f be t(0). What is the remainder when 6/60 + f/10 is divided by 10?
4
Calculate the remainder when 588 is divided by (16 + (-4 + (-35)/(-10))*-2)*1.
10
Suppose -m + 4*o - 10 = -2, -5*m - 4*o + 32 = 0. Let h(c) = -1 + 13*c - m + 44*c + 3. What is the remainder when h(1) is divided by 28?
27
Let g(f) = 4*f**3 - 91*f**2 + f - 116. Calculate the remainder when g(23) is divided by 40.
36
Suppose -10*q + 13*q - 11815 = 5*n, -20 = 4*n. Calculate the remainder when q is divided by 146.
134
Suppose -19*j + 2240 = -3*j. Suppose -148*u + 584 = -j*u. Calculate the remainder when u is divided by 15.
13
Suppose -2*w - 34 = -5*r, w + 13 - 24 = -r. Suppose -c + 0*x = -4*x + 32, 4*c = -x - 94. Let b = c - -29. Calculate the remainder when r is divided by b.
3
Suppose 0 = -c + 8 - 4. Suppose s + 3*w = -c*s + 35, 4*w - 24 = -s. Suppose 7*x = -8*x + 90. What is the remainder when x is divided by s?
2
Suppose -2*v = -5*j + 289, -4*v + 7*v + 296 = 5*j. Calculate the remainder when 62 is divided by j.
7
Let a(i) = 13*i - 15*i - 5 + 1. Let s be a(-6). Suppose 4*r + s = 0, -3*b + 229 = 2*b + 3*r. Calculate the remainder when b is divided by 5.
2
Let o(m) = m**2 - 3*m - 5. Let z be o(-2). Suppose -3*d + 2 = -z*d. Calculate the remainder when 4/(-2) - (-4*3 - d) is divided by 5.
4
Let l(f) = -28*f - 2057. What is the remainder when 542 is divided by l(-84)?
247
Suppose 44*l - 23*l - 84 = 0. Let s(x) = -x - 2. What is the remainder when l is divided by s(-6)?
0
Suppose 0*p = p - 34. Let l(c) = 79*c + 3181. Calculate the remainder when l(-39) is divided by p.
32
What is the remainder when 40/(5 + -10)*(-950)/4 is divided by 8?
4
What is the remainder when 28 is divided by (-20)/25 - 49/(-5)?
1
Let s(j) = 3*j**2 + 15*j + 4. Calculate the remainder when s(-7) is divided by (-120)/(-25)*105/28.
10
Suppose -85*s + 38821 - 7371 = 0. Calculate the remainder when s is divided by 43.
26
Suppose 47*s - 47 = 329. Calculate the remainder when 2742 is divided by s.
6
Let t(a) = a + 30. Let o(k) = 2*k**3 + 5*k**2 + k + 5. Let n be o(-3). Let w be (14/4 + -2)/(n/98). What is the remainder when 22 is divided by t(w)?
4
Let c(w) = 1269*w - 6655. Calculate the remainder when c(6) is divided by 466.
27
Suppose 888 = 9*u + 54*u + 11*u. Calculate the remainder when 599 is divided by u.
11
Suppose 0 = 3*c + 14 - 5, 3*s - 132 = -5*c. Suppose 51*r - 40 = s*r. Calculate the remainder when 118 is divided by r.
18
Suppose 2*n - 469 + 57 = -2*x, 0 = -2*n - 5*x + 427. Calculate the remainder when n is divided by (-150)/(-5)*(-2 + 14/4).
21
Let z(u) = -2*u + 32. Calculate the remainder when ((-19)/4)/(3/(-36)) is divided by z(0).
25
Let l(m) = -m**3 - 5*m**2 - 7*m + 6. Let p(j) = -j + 19. Let c be p(12). Suppose 20 = 3*n - c*n. Calculate the remainder when l(n) is divided by 21.
20
Let j = 367 + -201. Let r = j - 113. Calculate the remainder when 208 is divided by r.
49
Let j(n) = 47*n - 1112. Let k(d) = 15*d - 370. Let l(c) = 2*j(c) - 7*k(c). What is the remainder when 11 is divided by l(33)?
2
Suppose 39*p - 11674 - 7792 - 12475 = 0. What is the remainder when p is divided by 188?
67
Suppose -65*b + 1461 = -5104. What is the remainder when 527 is divided by b?
22
Suppose -2*b - 348 = -882*m + 878*m, 3*m - 261 = -5*b. Let r = -23 + 53. What is the remainder when m is divided by r?
27
Let c(o) = -280*o - 19306. Calculate the remainder when (-2)/8 + (-2845)/(-4) is divided by c(-69).
11
Let k be 2339 - (3 + -4*(-2 + 3)). Suppose 15*u + k = 24*u. What is the remainder when u is divided by 67?
59
Let k = 647 + -645. Suppose 0 = -3*f + 4*f. Suppose -u + 4*o + 36 = f, k*u - 3*u + 2*o = -28. Calculate the remainder when u is divided by 8.
4
Let j(f) = 51*f**2 - 250*f + 12. Let p be j(5). Let u(h) = 5*h + 8. Let k be u(-7). Let g = p + k. Calculate the remainder when 18 is divided by g.
8
Let n be ((2/(-5))/(-1))/((-2)/270). Let k = -41 - n. Calculate the remainder when 49 is divided by k.
10
Let d = 4033 + -4018. Suppose -54 - 18 = -t. Calculate the remainder when t is divided by d.
12
Let r(c) = -2*c**2 - 37*c - 91. What is the remainder when 195 is divided by r(-3)?
1
Suppose -551 = r - 3*j, -5*r - 9*j - 2700 = -13*j. Let p = 673 + r. What is the remainder when p is divided by 72?
65
Let q be (-1 + (2 - 4)*-4)/1. Let h be (2/4)/(q/616). Let i = h + 60. Calculate the remainder when i is divided by 27.
23
Let m = -66 - -121. Suppose -94*y + 99*y - m = 0. Suppose 296 = 7*f - 3*f. What is the remainder when f is divided by y?
8
Let y = -2 - -71. Calculate the remainder when y is divided by 10952/777 + (-10)/105.
13
Suppose 3*p + 88*q = 89*q + 1056, p - 2*q - 362 = 0. Calculate the remainder when p is divided by 107.
29
What is the remainder when -91 + 97 + (2 - (-1305 + 4)) is divided by 107?
25
Let w = -1352 + 1391. Let r = 4 + 1. What is the remainder when w is divided by r?
4
Let n(q) = -2*q. Let z be n(2). Suppose -f = 3*j - 15, -2*f + 17*j - 5 = 16*j. What is the remainder when 40 is divided by 2/2 + f + 9 + z?
4
Suppose 582*z + 3348 = 600*z. Suppose 0 = -0*w + 5*w - 135. Calculate the remainder when z is divided by w.
24
Let t(l) = 6*l**2 - 370*l - 2542. Let w(i) = -i**3 + 23. What is the remainder when t(68) is divided by w(0)?
19
Suppose 543*m - 539*m - 3*u = 362, -4*m + 5*u = -366. What is the remainder when 626 is divided by m?
3
Suppose 0 = -4*k - 44, -7*s - 7*k + 9*k = -85. Let m(y) = y**2 + 4*y + 4. What is the remainder when m(-6) is divided by s?
7
Suppose -11*n - 567 = 12*n - 2361. Calculate the remainder when 275 is divided by n.
41
Let z(w) = -w**3 - w**2. What is the remainder when ((-16)/(352/154))/((-49)/56) is divided by z(-2)?
0
Let q(b) = -122*b + 30. Calculate the remainder when q(-2) is divided by ((57/(-6))/(-19))/((-1)/(-22)).
10
Let n(f) = 17*f**2 + 4*f - 5. Let h be n(1). Suppose -19*j = -20*j - h. Let x = j - -32. What is the remainder when 108 is divided by x?
12
Let a(f) = 2*f**2 - 3. Let j be a(-5). Let h = 47 - j. Suppose -5*p - 3*u + 96 = h, -p - 5*u = -2*p + 8. What is the remainder when 141 is divided by p?
15
Let p = -168 - -241. Suppose -8*z = p - 265. Calculate the remainder when 94 is divided by z.
22
Suppose -13*j = -15*j + 948. What is the remainder when j is divided by 118?
2
Suppose 0 = 5*d - 2*i - 91, 0 = 3*d + 2*i - 18 - 43. Let q(k) = 10*k - 176. What is the remainder when 53 is divided by q(d)?
11
Let l(m) = -15*m + 225. Let u be l(-20). Suppose 2*p + 412 = 4*h, 23*p - 18*p + u = 5*h. What is the remainder when h is divided by 40?
21
Let s = 2106 - 502. Calculate the remainder when s is divided by 201.
197
Let n = 937 + -394. What is the remainder when n is divided by ((-130)/(-6))/(75/90)?
23
Suppose -17*i + 20*i - 40106 = -19*i. Calculate the remainder when i is divided by 25.
23
Let b(k) = -2*k**2 - 242*k - 1501. What is the remainder when b(-82) is divided by 23?
19
Suppose -29*u - 19*u = -1296. Suppose p + 3*p + 4*s = 216, -96 = -2*p + 2*s. Calculate the remainder when p is divided by u.
24
Let z(g) = 5*g + 26. Let a(k) = k + 1. Let b(u) = -4*a(u) + z(u). Calculate the remainder when 20 is divided by b(-10).
8
Let b(r) = -17*r - 30. Let s be b(-6). Let d(i) = 2*i + 1. Calculate the remainder when (3*2/6)/(4/s) is divided by d(2).
3
Let m(w) = -2*w**3 + 74*w**2 + 23*w - 201. Calculate the remainder when m(37) is divided by 161.
6
Suppose 11*c + 12 = 33 + 25